s the hundred thousands digit of 282164?
2
What is the ten thousands digit of 1415897?
1
What is the tens digit of 38070741?
4
What is the hundreds digit of 380793?
7
What is the tens digit of 3396069?
6
What is the hundreds digit of 6860506?
5
What is the tens digit of 607526?
2
What is the thousands digit of 3324777?
4
What is the thousands digit of 70623?
0
What is the tens digit of 105976?
7
What is the hundred thousands digit of 786150?
7
What is the units digit of 249359?
9
What is the hundreds digit of 72829?
8
What is the thousands digit of 174882?
4
What is the tens digit of 14730481?
8
What is the thousands digit of 1887952?
7
What is the hundred thousands digit of 3636975?
6
What is the hundreds digit of 800357?
3
What is the thousands digit of 1166567?
6
What is the ten thousands digit of 17839518?
3
What is the hundred thousands digit of 469281?
4
What is the hundred thousands digit of 1495412?
4
What is the units digit of 1297219?
9
What is the tens digit of 297010?
1
What is the hundred thousands digit of 239432?
2
What is the tens digit of 176711?
1
What is the units digit of 17825889?
9
What is the millions digit of 5555758?
5
What is the hundred thousands digit of 959639?
9
What is the tens digit of 614816?
1
What is the hundreds digit of 702709?
7
What is the hundreds digit of 33409465?
4
What is the ten thousands digit of 6570057?
7
What is the hundreds digit of 66252?
2
What is the units digit of 2151727?
7
What is the tens digit of 11866745?
4
What is the tens digit of 18881867?
6
What is the tens digit of 8142678?
7
What is the tens digit of 176236?
3
What is the ten thousands digit of 206986?
0
What is the hundreds digit of 8095080?
0
What is the tens digit of 9933990?
9
What is the thousands digit of 135279?
5
What is the ten thousands digit of 2467198?
6
What is the hundreds digit of 174035?
0
What is the ten thousands digit of 1497731?
9
What is the hundred thousands digit of 15051919?
0
What is the millions digit of 4601839?
4
What is the hundreds digit of 109670?
6
What is the hundred thousands digit of 138201?
1
What is the tens digit of 1808687?
8
What is the thousands digit of 428726?
8
What is the hundred thousands digit of 194598?
1
What is the hundred thousands digit of 5849135?
8
What is the hundred thousands digit of 24499040?
4
What is the ten thousands digit of 6425251?
2
What is the hundreds digit of 1938555?
5
What is the ten thousands digit of 46634?
4
What is the thousands digit of 18519670?
9
What is the hundreds digit of 55958?
9
What is the hundreds digit of 1417130?
1
What is the millions digit of 3914221?
3
What is the units digit of 3340550?
0
What is the thousands digit of 1916298?
6
What is the units digit of 5053167?
7
What is the thousands digit of 14688585?
8
What is the tens digit of 7493038?
3
What is the hundreds digit of 13122174?
1
What is the tens digit of 712932?
3
What is the hundred thousands digit of 5585750?
5
What is the hundred thousands digit of 1753757?
7
What is the tens digit of 100813?
1
What is the hundred thousands digit of 1779031?
7
What is the ten millions digit of 20406351?
2
What is the ten millions digit of 12798944?
1
What is the hundreds digit of 3673?
6
What is the hundreds digit of 3447172?
1
What is the units digit of 159051?
1
What is the millions digit of 25647178?
5
What is the hundred thousands digit of 4945490?
9
What is the millions digit of 2560004?
2
What is the tens digit of 5028400?
0
What is the thousands digit of 1917281?
7
What is the ten thousands digit of 8134371?
3
What is the thousands digit of 1514717?
4
What is the tens digit of 6436157?
5
What is the units digit of 168081?
1
What is the units digit of 3615998?
8
What is the ten thousands digit of 23676?
2
What is the tens digit of 2319951?
5
What is the units digit of 5552?
2
What is the thousands digit of 12127856?
7
What is the millions digit of 4092332?
4
What is the ten thousands digit of 474936?
7
What is the units digit of 10285205?
5
What is the hundreds digit of 316208?
2
What is the thousands digit of 291663?
1
What is the millions digit of 5377330?
5
What is the tens digit of 290586?
8
What is the millions digit of 3558892?
3
What is the units digit of 1095570?
0
What is the tens digit of 253221?
2
What is the hundreds digit of 839513?
5
What is the units digit of 23679847?
7
What is the thousands digit of 424842?
4
What is the ten thousands digit of 1545890?
4
What is the tens digit of 504742?
4
What is the hundreds digit of 240725?
7
What is the ten thousands digit of 409597?
0
What is the millions digit of 1054056?
1
What is the hundreds digit of 1268032?
0
What is the tens digit of 161336?
3
What is the units digit of 18733882?
2
What is the hundreds digit of 1065948?
9
What is the ten thousands digit of 522988?
2
What is the units digit of 859119?
9
What is the hundred thousands digit of 34973136?
9
What is the tens digit of 1010275?
7
What is the thousands digit of 3848727?
8
What is the hundreds digit of 4062375?
3
What is the thousands digit of 2901614?
1
What is the hundred thousands digit of 10126968?
1
What is the hundred thousands digit of 2075856?
0
What is the hundred thousands digit of 1098762?
0
What is the hundred thousands digit of 3387176?
3
What is the units digit of 1643710?
0
What is the hundred thousands digit of 248617?
2
What is the millions digit of 1133276?
1
What is the ten thousands digit of 413476?
1
What is the ten thousands digit of 147318?
4
What is the hundreds digit of 413225?
2
What is the hundred thousands digit of 21052191?
0
What is the millions digit of 13811060?
3
What is the hundreds digit of 2608088?
0
What is the millions digit of 17939783?
7
What is the hundred thousands digit of 2832724?
8
What is the units digit of 529273?
3
What is the ten thousands digit of 1124162?
2
What is the units digit of 3212241?
1
What is the ten thousands digit of 5034617?
3
What is the hundreds digit of 208930?
9
What is the tens digit of 5218360?
6
What is the thousands digit of 94583?
4
What is the hundreds digit of 590884?
8
What is the thousands digit of 4331986?
1
What is the ten thousands digit of 15019?
1
What is the millions digit of 1307755?
1
What is the ten thousands digit of 37190?
3
What is the hundreds digit of 309868?
8
What is the units digit of 1797799?
9
What is the tens digit of 1402673?
7
What is the units digit of 8753954?
4
What is the units digit of 11926733?
3
What is the tens digit of 12205?
0
What is the millions digit of 1610224?
1
What is the ten thousands digit of 429691?
2
What is the tens digit of 41069?
6
What is the tens digit of 6033861?
6
What is the hundred thousands digit of 685847?
6
What is the tens digit of 8236844?
4
What is the hundreds digit of 6736706?
7
What is the units digit of 2601424?
4
What is the tens digit of 828282?
8
What is the millions digit of 4971306?
4
What is the millions digit of 8480678?
8
What is the ten thousands digit of 2002594?
0
What is the units digit of 451482?
2
What is the hundreds digit of 319000?
0
What is the units digit of 2053539?
9
What is the tens digit of 129276?
7
What is the ten thousands digit of 20633208?
3
What is the units digit of 36094?
4
What is the hundreds digit of 4724797?
7
What is the hundreds digit of 53364?
3
What is the hundred thousands digit of 6918286?
9
What is the tens digit of 83998?
9
What is the hundreds digit of 498981?
9
What is the thousands digit of 1809451?
9
What is the ten millions digit of 11670628?
1
What is the millions digit of 1869565?
1
What is the thousands digit of 1667613?
7
What is the tens digit of 1779223?
2
What is the units digit of 3499230?
0
What is the ten thousands digit of 369742?
6
What is the tens digit of 471155?
5
What is the units digit of 537165?
5
What is the hundreds digit of 1328350?
3
What is the thousands digit of 223506?
3
What is the units digit of 357509?
9
What is the ten thousands digit of 927498?
2
What is the hundred thousands digit of 15372086?
3
What is the thousands digit of 6505321?
5
What is the hundreds digit of 1572467?
4
What is the hundreds digit of 677198?
1
What is the hundreds digit of 744480?
4
What is the tens digit of 21456661?
6
What is the units digit of 196651?
1
What is the hundreds dig